{"id":136,"date":"2017-06-09T00:20:45","date_gmt":"2017-06-08T22:20:45","guid":{"rendered":"https:\/\/archives.lagrandequete.com\/2017\/?page_id=136"},"modified":"2017-06-17T08:43:14","modified_gmt":"2017-06-17T06:43:14","slug":"la-carte","status":"publish","type":"page","link":"https:\/\/archives.lagrandequete.com\/2017\/la-carte\/","title":{"rendered":"La carte"},"content":{"rendered":"<div id=\"pl-136\"  class=\"panel-layout\" >\n<div id=\"pg-136-0\"  class=\"panel-grid panel-no-style\" >\n<div id=\"pgc-136-0-0\"  class=\"panel-grid-cell\"  data-weight=\"1\" >\n<div id=\"panel-136-0-0-0\" class=\"so-panel widget widget_sow-editor panel-first-child panel-last-child\" data-index=\"0\" data-style=\"{&quot;background_display&quot;:&quot;tile&quot;}\" >\n<div class=\"so-widget-sow-editor so-widget-sow-editor-base\">\n<div class=\"siteorigin-widget-tinymce textwidget\">\n\t<iframe src=\"https:\/\/www.google.com\/maps\/d\/embed?mid=14cYxoKWqJ--5xBl1naALR99i-5w\" width=\"100%\" height=\"600\"><\/iframe><\/div>\n<\/div>\n<\/div>\n<\/div>\n<\/div>\n<div id=\"pg-136-1\"  class=\"panel-grid panel-no-style\"  data-style=\"{&quot;background_display&quot;:&quot;tile&quot;,&quot;cell_alignment&quot;:&quot;flex-start&quot;}\" >\n<div id=\"pgc-136-1-0\"  class=\"panel-grid-cell\"  data-weight=\"0.2\" >\n<div id=\"panel-136-1-0-0\" class=\"so-panel widget widget_sow-editor panel-first-child panel-last-child\" data-index=\"1\" data-style=\"{&quot;background_display&quot;:&quot;tile&quot;}\" >\n<div class=\"so-widget-sow-editor so-widget-sow-editor-base\">\n<h3 class=\"widget-title\">Le Bar<\/h3>\n<div class=\"siteorigin-widget-tinymce textwidget\">\n<p><img data-attachment-id=\"207\" data-permalink=\"https:\/\/archives.lagrandequete.com\/2017\/la-carte\/bar\/\" data-orig-file=\"https:\/\/i2.wp.com\/archives.lagrandequete.com\/2017\/wp-content\/uploads\/2017\/06\/Bar.png?fit=50%2C47&amp;ssl=1\" data-orig-size=\"50,47\" data-comments-opened=\"1\" data-image-meta=\"{&quot;aperture&quot;:&quot;0&quot;,&quot;credit&quot;:&quot;&quot;,&quot;camera&quot;:&quot;&quot;,&quot;caption&quot;:&quot;&quot;,&quot;created_timestamp&quot;:&quot;0&quot;,&quot;copyright&quot;:&quot;&quot;,&quot;focal_length&quot;:&quot;0&quot;,&quot;iso&quot;:&quot;0&quot;,&quot;shutter_speed&quot;:&quot;0&quot;,&quot;title&quot;:&quot;&quot;,&quot;orientation&quot;:&quot;0&quot;}\" data-image-title=\"Bar\" data-image-description=\"\" data-medium-file=\"https:\/\/i2.wp.com\/archives.lagrandequete.com\/2017\/wp-content\/uploads\/2017\/06\/Bar.png?fit=50%2C47&amp;ssl=1\" data-large-file=\"https:\/\/i2.wp.com\/archives.lagrandequete.com\/2017\/wp-content\/uploads\/2017\/06\/Bar.png?fit=50%2C47&amp;ssl=1\" loading=\"lazy\" class=\"aligncenter wp-image-207 size-full\" src=\"https:\/\/i2.wp.com\/archives.lagrandequete.com\/2017\/wp-content\/uploads\/2017\/06\/Bar.png?resize=50%2C47&#038;ssl=1\" alt=\"\" width=\"50\" height=\"47\" data-recalc-dims=\"1\" \/><\/p>\n<p>Les Maistres tiennent le bar en centre-ville. Point central du jeu, c&rsquo;est ici qu&rsquo;on peut acheter des fiches de mission, des armes, obtenir de la thune, n\u00e9gocier des avantages&#8230;<\/p>\n<\/div>\n<\/div>\n<\/div>\n<\/div>\n<div id=\"pgc-136-1-1\"  class=\"panel-grid-cell\"  data-style=\"{&quot;background_display&quot;:&quot;tile&quot;,&quot;vertical_alignment&quot;:&quot;auto&quot;}\"  data-weight=\"0.2\" >\n<div id=\"panel-136-1-1-0\" class=\"so-panel widget widget_sow-editor panel-first-child panel-last-child\" data-index=\"2\" data-style=\"{&quot;background_display&quot;:&quot;tile&quot;}\" >\n<div class=\"so-widget-sow-editor so-widget-sow-editor-base\">\n<h3 class=\"widget-title\">Le Casino<\/h3>\n<div class=\"siteorigin-widget-tinymce textwidget\">\n<p><img data-attachment-id=\"208\" data-permalink=\"https:\/\/archives.lagrandequete.com\/2017\/la-carte\/casino\/\" data-orig-file=\"https:\/\/i1.wp.com\/archives.lagrandequete.com\/2017\/wp-content\/uploads\/2017\/06\/Casino.png?fit=50%2C51&amp;ssl=1\" data-orig-size=\"50,51\" data-comments-opened=\"1\" data-image-meta=\"{&quot;aperture&quot;:&quot;0&quot;,&quot;credit&quot;:&quot;&quot;,&quot;camera&quot;:&quot;&quot;,&quot;caption&quot;:&quot;&quot;,&quot;created_timestamp&quot;:&quot;0&quot;,&quot;copyright&quot;:&quot;&quot;,&quot;focal_length&quot;:&quot;0&quot;,&quot;iso&quot;:&quot;0&quot;,&quot;shutter_speed&quot;:&quot;0&quot;,&quot;title&quot;:&quot;&quot;,&quot;orientation&quot;:&quot;0&quot;}\" data-image-title=\"Casino\" data-image-description=\"\" data-medium-file=\"https:\/\/i1.wp.com\/archives.lagrandequete.com\/2017\/wp-content\/uploads\/2017\/06\/Casino.png?fit=50%2C51&amp;ssl=1\" data-large-file=\"https:\/\/i1.wp.com\/archives.lagrandequete.com\/2017\/wp-content\/uploads\/2017\/06\/Casino.png?fit=50%2C51&amp;ssl=1\" loading=\"lazy\" class=\"size-full wp-image-208 aligncenter\" src=\"https:\/\/i1.wp.com\/archives.lagrandequete.com\/2017\/wp-content\/uploads\/2017\/06\/Casino.png?resize=50%2C51&#038;ssl=1\" alt=\"\" width=\"50\" height=\"51\" data-recalc-dims=\"1\" \/><\/p>\n<p>Au casino, on peut jouer \u00e0 des jeux d&rsquo;argent pour se refaire en $ Gold Maistres. Attention, on peut gagner gros mais aussi perdre de la thune !<\/p>\n<\/div>\n<\/div>\n<\/div>\n<\/div>\n<div id=\"pgc-136-1-2\"  class=\"panel-grid-cell\"  data-weight=\"0.2\" >\n<div id=\"panel-136-1-2-0\" class=\"so-panel widget widget_sow-editor panel-first-child panel-last-child\" data-index=\"3\" data-style=\"{&quot;background_display&quot;:&quot;tile&quot;}\" >\n<div class=\"so-widget-sow-editor so-widget-sow-editor-base\">\n<h3 class=\"widget-title\">Missions &quot;Story&quot;<\/h3>\n<div class=\"siteorigin-widget-tinymce textwidget\">\n<p><img data-attachment-id=\"209\" data-permalink=\"https:\/\/archives.lagrandequete.com\/2017\/la-carte\/missions-story\/\" data-orig-file=\"https:\/\/i1.wp.com\/archives.lagrandequete.com\/2017\/wp-content\/uploads\/2017\/06\/Missions-story.png?fit=49%2C50&amp;ssl=1\" data-orig-size=\"49,50\" data-comments-opened=\"1\" data-image-meta=\"{&quot;aperture&quot;:&quot;0&quot;,&quot;credit&quot;:&quot;&quot;,&quot;camera&quot;:&quot;&quot;,&quot;caption&quot;:&quot;&quot;,&quot;created_timestamp&quot;:&quot;0&quot;,&quot;copyright&quot;:&quot;&quot;,&quot;focal_length&quot;:&quot;0&quot;,&quot;iso&quot;:&quot;0&quot;,&quot;shutter_speed&quot;:&quot;0&quot;,&quot;title&quot;:&quot;&quot;,&quot;orientation&quot;:&quot;0&quot;}\" data-image-title=\"Missions story\" data-image-description=\"\" data-medium-file=\"https:\/\/i1.wp.com\/archives.lagrandequete.com\/2017\/wp-content\/uploads\/2017\/06\/Missions-story.png?fit=49%2C50&amp;ssl=1\" data-large-file=\"https:\/\/i1.wp.com\/archives.lagrandequete.com\/2017\/wp-content\/uploads\/2017\/06\/Missions-story.png?fit=49%2C50&amp;ssl=1\" loading=\"lazy\" class=\"size-full wp-image-209 aligncenter\" src=\"https:\/\/i1.wp.com\/archives.lagrandequete.com\/2017\/wp-content\/uploads\/2017\/06\/Missions-story.png?resize=49%2C50&#038;ssl=1\" alt=\"\" width=\"49\" height=\"50\" data-recalc-dims=\"1\" \/><\/p>\n<p>Les missions \u00ab\u00a0Story\u00a0\u00bb sont les missions principales. Elles permettent de collecter d\u00e9couvrir des pans de l&rsquo;histoire des Maistres, de gagner de la thune et surtout de collecter des indices pour d\u00e9couvrir le lieu d&rsquo;arriv\u00e9e.\u00a0<\/p>\n<\/div>\n<\/div>\n<\/div>\n<\/div>\n<div id=\"pgc-136-1-3\"  class=\"panel-grid-cell\"  data-weight=\"0.2\" >\n<div id=\"panel-136-1-3-0\" class=\"so-panel widget widget_sow-editor panel-first-child panel-last-child\" data-index=\"4\" data-style=\"{&quot;background_display&quot;:&quot;tile&quot;}\" >\n<div class=\"so-widget-sow-editor so-widget-sow-editor-base\">\n<h3 class=\"widget-title\">Missions &quot;Selfie&quot;<\/h3>\n<div class=\"siteorigin-widget-tinymce textwidget\">\n<p><img data-attachment-id=\"210\" data-permalink=\"https:\/\/archives.lagrandequete.com\/2017\/la-carte\/missions-selfie\/\" data-orig-file=\"https:\/\/i0.wp.com\/archives.lagrandequete.com\/2017\/wp-content\/uploads\/2017\/06\/Missions-selfie.png?fit=48%2C49&amp;ssl=1\" data-orig-size=\"48,49\" data-comments-opened=\"1\" data-image-meta=\"{&quot;aperture&quot;:&quot;0&quot;,&quot;credit&quot;:&quot;&quot;,&quot;camera&quot;:&quot;&quot;,&quot;caption&quot;:&quot;&quot;,&quot;created_timestamp&quot;:&quot;0&quot;,&quot;copyright&quot;:&quot;&quot;,&quot;focal_length&quot;:&quot;0&quot;,&quot;iso&quot;:&quot;0&quot;,&quot;shutter_speed&quot;:&quot;0&quot;,&quot;title&quot;:&quot;&quot;,&quot;orientation&quot;:&quot;0&quot;}\" data-image-title=\"Missions selfie\" data-image-description=\"\" data-medium-file=\"https:\/\/i0.wp.com\/archives.lagrandequete.com\/2017\/wp-content\/uploads\/2017\/06\/Missions-selfie.png?fit=48%2C49&amp;ssl=1\" data-large-file=\"https:\/\/i0.wp.com\/archives.lagrandequete.com\/2017\/wp-content\/uploads\/2017\/06\/Missions-selfie.png?fit=48%2C49&amp;ssl=1\" loading=\"lazy\" class=\"size-full wp-image-210 aligncenter\" src=\"https:\/\/i0.wp.com\/archives.lagrandequete.com\/2017\/wp-content\/uploads\/2017\/06\/Missions-selfie.png?resize=48%2C49&#038;ssl=1\" alt=\"\" width=\"48\" height=\"49\" data-recalc-dims=\"1\" \/><\/p>\n<p>Les points \u00ab\u00a0Selfie\u00a0\u00bb sont indiqu\u00e9s sur la carte. Ce sont des missions facultatives qui permettent de gagner de la thune. Cliquez sur l&rsquo;ic\u00f4ne pour conna\u00eetre les indications pr\u00e9cises.\u00a0<\/p>\n<\/div>\n<\/div>\n<\/div>\n<\/div>\n<div id=\"pgc-136-1-4\"  class=\"panel-grid-cell\"  data-weight=\"0.2\" >\n<div id=\"panel-136-1-4-0\" class=\"so-panel widget widget_sow-editor panel-first-child panel-last-child\" data-index=\"5\" data-style=\"{&quot;background_display&quot;:&quot;tile&quot;}\" >\n<div class=\"so-widget-sow-editor so-widget-sow-editor-base\">\n<h3 class=\"widget-title\">Les Ports<\/h3>\n<div class=\"siteorigin-widget-tinymce textwidget\">\n<p><img data-attachment-id=\"211\" data-permalink=\"https:\/\/archives.lagrandequete.com\/2017\/la-carte\/ports\/\" data-orig-file=\"https:\/\/i1.wp.com\/archives.lagrandequete.com\/2017\/wp-content\/uploads\/2017\/06\/Ports.png?fit=46%2C47&amp;ssl=1\" data-orig-size=\"46,47\" data-comments-opened=\"1\" data-image-meta=\"{&quot;aperture&quot;:&quot;0&quot;,&quot;credit&quot;:&quot;&quot;,&quot;camera&quot;:&quot;&quot;,&quot;caption&quot;:&quot;&quot;,&quot;created_timestamp&quot;:&quot;0&quot;,&quot;copyright&quot;:&quot;&quot;,&quot;focal_length&quot;:&quot;0&quot;,&quot;iso&quot;:&quot;0&quot;,&quot;shutter_speed&quot;:&quot;0&quot;,&quot;title&quot;:&quot;&quot;,&quot;orientation&quot;:&quot;0&quot;}\" data-image-title=\"Ports\" data-image-description=\"\" data-medium-file=\"https:\/\/i1.wp.com\/archives.lagrandequete.com\/2017\/wp-content\/uploads\/2017\/06\/Ports.png?fit=46%2C47&amp;ssl=1\" data-large-file=\"https:\/\/i1.wp.com\/archives.lagrandequete.com\/2017\/wp-content\/uploads\/2017\/06\/Ports.png?fit=46%2C47&amp;ssl=1\" loading=\"lazy\" class=\"size-full wp-image-211 aligncenter\" src=\"https:\/\/i1.wp.com\/archives.lagrandequete.com\/2017\/wp-content\/uploads\/2017\/06\/Ports.png?resize=46%2C47&#038;ssl=1\" alt=\"\" width=\"46\" height=\"47\" data-recalc-dims=\"1\" \/><\/p>\n<p>Les ports permettent d&#8217;embarquer sur un ferry pour se d\u00e9placer par la mer. Les tickets s&rsquo;ach\u00e8tent \u00e0 bord (2 euros).<\/p>\n<\/div>\n<\/div>\n<\/div>\n<\/div>\n<\/div>\n<\/div>\n","protected":false},"excerpt":{"rendered":"<p>Le Bar Les Maistres tiennent le bar en centre-ville. Point central du jeu, c&rsquo;est ici qu&rsquo;on peut acheter des fiches de mission, des armes, obtenir de la thune, n\u00e9gocier des avantages&#8230; Le Casino Au casino, on peut jouer \u00e0 des jeux d&rsquo;argent pour se refaire en $ Gold Maistres. Attention, on peut gagner gros mais <a href=\"https:\/\/archives.lagrandequete.com\/2017\/la-carte\/\" rel=\"nofollow\"><span class=\"sr-only\">Read more about La carte<\/span>[&hellip;]<\/a><\/p>\n","protected":false},"author":2,"featured_media":0,"parent":0,"menu_order":0,"comment_status":"closed","ping_status":"closed","template":"template-fullwidth.php","meta":{"spay_email":""},"jetpack_sharing_enabled":true,"jetpack_shortlink":"https:\/\/wp.me\/P8PIrw-2c","jetpack-related-posts":[],"_links":{"self":[{"href":"https:\/\/archives.lagrandequete.com\/2017\/wp-json\/wp\/v2\/pages\/136"}],"collection":[{"href":"https:\/\/archives.lagrandequete.com\/2017\/wp-json\/wp\/v2\/pages"}],"about":[{"href":"https:\/\/archives.lagrandequete.com\/2017\/wp-json\/wp\/v2\/types\/page"}],"author":[{"embeddable":true,"href":"https:\/\/archives.lagrandequete.com\/2017\/wp-json\/wp\/v2\/users\/2"}],"replies":[{"embeddable":true,"href":"https:\/\/archives.lagrandequete.com\/2017\/wp-json\/wp\/v2\/comments?post=136"}],"version-history":[{"count":18,"href":"https:\/\/archives.lagrandequete.com\/2017\/wp-json\/wp\/v2\/pages\/136\/revisions"}],"predecessor-version":[{"id":382,"href":"https:\/\/archives.lagrandequete.com\/2017\/wp-json\/wp\/v2\/pages\/136\/revisions\/382"}],"wp:attachment":[{"href":"https:\/\/archives.lagrandequete.com\/2017\/wp-json\/wp\/v2\/media?parent=136"}],"curies":[{"name":"wp","href":"https:\/\/api.w.org\/{rel}","templated":true}]}}